
110
What is 0 + -19 + (-49 - -67) - -4 - (10 + -2)?
-5
What is the value of -26 + (44 - ((14 - -8) + 3))?
-7
What is the value of (-7 - (2 - 0)) + 1 + 5 + 9 + 40?
46
What is -41 - -20 - -27 - (-6 + 7 - -5)?
0
What is 21 + (264 - 125) + -84?
76
What is 14 - (56 + (-13 - 18)) - -35?
24
What is the value of -20 + (-4 - 6 - (1 + 6 + -15))?
-22
What is the value of -2 + 10 + (26 - (19 - 9)) + 19 - -3?
46
Calculate (7 + -11 - (54 - 1)) + (369 - 362).
-50
Calculate (6 - ((8 - 22) + 36)) + 19 - 16.
-13
Evaluate 13 + -1 + -42 + 39 + (4 - 17) - 22.
-26
Calculate 79 - (138 + (-35 - -2)).
-26
84 + (-128 + 48 - 54)
-50
What is the value of -2 + (48 - 56) + -1 + 3 + -20 + -8?
-36
What is -1 - -74 - (9 - (0 - (-19 - -15)))?
68
184 - 67 - 101 - (116 - 1) - -14
-85
Evaluate -94 + (-31 - (-66 + (-41 - -84))).
-102
Evaluate (44 - (38 - 22)) + -19 - (118 + -6).
-103
(49 - -3) + (4 - (9 + (5 - 2)) - -8)
52
Calculate 7 - (-33 + 29 + -6 - (0 - 47)) - -3.
-27
Evaluate (-7 - 50) + (1656 - 1722).
-123
Evaluate (-93 + 219 - 85) + -29.
12
Calculate 297 + -217 - (96 - 11).
-5
Calculate 1 + (-31 - (-12 - -32)).
-50
What is the value of -5 + -38 + (7 + 6 - (6 + 5))?
-41
7 - ((22 - 17) + -2 + 2 - 8) - -9
19
What is 17 + (-36 + 18 + 35 - 84)?
-50
What is -1 + -8 + 12 + (35 - 6)?
32
Evaluate (2 - 19) + (-72 - -52 - -27).
-10
(3 + 8 - 16) + 6 + 3
4
What is the value of 5 - -1 - (-9 - (33 + -11))?
37
What is -5 + -49 + 76 - (-1 + -15 + 2)?
36
Evaluate ((-19 - -43) + -22 - 12) + 44.
34
Calculate (-22 - -12) + (-5 - -2 - 99) - (-1 - -7).
-118
What is the value of -8 + 33 + -15 - -70 - (-15 - (-5 + 3))?
93
Evaluate -8 + -14 + (-4 - -7) + 7 - 27.
-39
What is 29 + -134 + 35 + 2 + -8?
-76
Evaluate -34 + (30 - -5) + -7.
-6
0 + -41 + -357 + 384
-14
What is the value of (19 + -82 + 12 - 30) + 31?
-50
What is 11 + 81 + -70 + (-7 - 1)?
14
What is the value of -3 + 42 + (0 - -2) + (120 - 134)?
27
What is (2362 - 2264) + -74 + -1?
23
What is 6 - -5 - ((-23 - -108) + 19)?
-93
What is the value of 1 + (12 - (20 + -8 - 7)) - (27 - -3)?
-22
What is 52 - (47 - (-15 + 55))?
45
Evaluate -30 + (-8 - -4) + -4.
-38
Calculate (-43 - 5) + (-800 - -881).
33
What is 0 - 7 - (35 - (0 + (-20 + -2 - -10)))?
-54
Calculate -11 + (-21 + 0 - -48) + -13.
3
What is -11 - (158 + -164 - (0 + -6) - -14)?
-25
What is -3 - (6 + (10 + -7 - 9 - 2))?
-1
What is the value of 33 + 44 + 8 + -69?
16
Evaluate -130 - -94 - (-14 + -16).
-6
What is -123 - -137 - (33 - (9 - 0))?
-10
Calculate (-4 + 35 - (-3 + 17)) + -17 + 44.
44
Calculate (-112 - -70 - (12 - 2)) + (4 + 1 - 16).
-63
Evaluate 3 - (9 + (-34 - -35)) - (0 - 2).
-5
Evaluate 31 + (-69 - 6) + (-5 - 1 - -2).
-48
Evaluate (997 - 944) + (-17 - 3).
33
-6 - 50 - (1 + -5) - (708 - 712)
-48
Evaluate 23 + -48 + (-42 - -74) + (-39 - -1 - 1).
-32
Evaluate 234 - 141 - (42 + 5).
46
Calculate (-71 + (-8 - -38) - -27) + 4.
-10
Evaluate (43 + -45 - -33 - 36) + -6.
-11
(13 - (-8 - -33) - -5) + (-1 - -12)
4
What is -139 + 131 + 0 + -1 + (2 - -7 - -56)?
56
Calculate -11610 - -11573 - (18 - 0 - 1).
-54
9 - (14 - (13 + (0 - 34)))
-26
What is the value of 0 + (214 - 214) + (-5 - 3)?
-8
18 + -4 + -5 - (-29 - -4)
34
Calculate -1024 + 998 - (1 - 39) - (2 - -10).
0
What is (24 + 66 - 12) + -39?
39
What is 56 - -2 - (-30 + (-64 - -116) - (20 - -1))?
57
7 - (25 - 1) - ((-4 - -36) + -36)
-13
Evaluate -2 - (10 - (-12 + -5 - (-1 + -75))).
47
What is -79 - -99 - (-5 - -92)?
-67
(-1 - (-10 + 52 + (0 - 0) - -3)) + -7
-53
Evaluate -30 + 25 + 22 + 2 - 99.
-80
(7 + (7 - 3 - -2) - 1) + 7
19
Evaluate -1591 - -1555 - (-10 + -1).
-25
What is the value of -7 - (8 + -11 + -2 + (43 - (-19 + 9)))?
-55
What is the value of 5 + (4 - (-16 + 3))?
22
Evaluate (-19 - (-153 - -182)) + 16.
-32
Evaluate (17 + -11 - 18) + -2.
-14
Evaluate -1 - -117 - (15858 + -15655).
-87
What is 248 + -88 + -52 - 223?
-115
What is the value of 22 + -6 + -10 + 8 + 26?
40
Evaluate -21 - 0 - (-335 + 313) - -11.
12
What is the value of 2 + -7 + 0 + 10017 + -9966?
46
What is the value of -16 + -8 + 19 + -1 + 4 + -6?
-8
Evaluate 0 + (-1 - -20) + -1175 + 1173.
17
Evaluate (98 - 27) + -63 + -13.
-5
-57 + (-51 - -111) + 48
51
Evaluate 4 + (-6 + 8 - (9 - (9 - 8))) - -48.
46
-93 - -21 - (63 + -113)
-22
What is the value of 9 + 128 + -215 + -42?
-120
What is 39 + 2 - (-59 + (-14 - (-97 + 31)))?
48
Calculate 4 + (-9 - -45) + -4 + (1 - -4) + 0.
41
-53 + (28 + -9 - 10 - (-29 - -38))
-53
Calculate -135 + 73 - -5 - -76.
19
Calculate (291 - 285) + 3 + -5 + -3 + -2 + -53.
-54
What is the value of -9 - (179 + -186 - (-1 - 4)) - (2 - 19)?
10
Calculate 3 + -26 + -53 + -29 + 40.
-65
Evaluate -1 - 13 - (14 + (-7 + 0 - 2) - 115).
96
Calculate -12 + (3 - 46) + (0 - 13).
-68
What is the value of -37 + -10 - (-14 - -4) - (8 + -16 + 2)?
-31
What is (26 + (30 - 25) - 126) + (-8 - 8)?
-111
-5 + 9 + -10 + 24 - 47
-29
(3 - (1 + 13)) + -18 + 40 + -24
-13
What is the value of 18 + (10 - (8 - (-7 - -24)))?
37
What is the value of 0 + 3 + 0 + -8 - (1382 + -1349)?
-38
Calculate -121 - (-8 - (49 + 17)).
-47
What is the value of -24 + 11 + 12 - (30 - -15)?
-46
Evaluate -19 - -126 - (637 - 417).
-113
What is -102 - (-72 + -94 + 117)?
-53
Calculate -26 - (300 - 304 - (-3 - -22)).
-3
Calculate (7 - 18 - 3) + -19 + 5.
-28
What is the value of 107 - -32 - (-12 + (-8 - -2 - -6) + 6)?
145
Calculate -145 - (-90 + 36 + -75).
-16
What is the value of -44 - -14 - (-67 - -14)?
23
What is the value of (-78 + 81 - (28 + 0)) + 97?
72
What is (-6 - 50) + 61 + 0?
5
What is -4 + -9 + 69 + -35 + -13?
8
What is -4 - (-1 - 3) - (-77 - (48 - 28))?
97
Calculate 16 + (-18 - -15) + (9 - -43) + -3 + 9.
71
Evaluate 34 + -10 + -7 + 4 - -40.
61
-11 - (19 + -26 - (-21 + (-1 - -2)))
-24
53 + (44 - 80) + 5
22
What is the value of 15 + (4 - (1 + 7)) + (-104 - (6 + -12))?
-87
Evaluate ((-89 - -42) + -1 - -28) + (2 - -106).
88
What is the value of 49 + (-74 - -72 - 114)?
-67
Evaluate -9 + 24 + 37 + -41.
11
Evaluate 16 + 54 - -4 - 58.
16
What is 6 + (-12 - -19) + -12 + 13 + 12?
26
(-48 - (-71 + 35) - -28) + -10
6
Calculate 87 + (-111 - (29 - 91)).
38
What is the value of 461 - 500 - (-70 + 5)?
26
52 + (-25 - -61 - 38)
50
Calculate (7 - -1) + (-5 + 4 - -18 - 19) + 3.
9
Evaluate (-91 - -8) + 21 + 34.
-28
What is the value of (-127 + 29 - -99) + (2 - (-3 - 53))?
59
Evaluate 4 + -2 + 52 + 3 + 6 + 29 + -17.
75
Calculate -4 + -26 - (54 + (-40 - 15)).
-29
What is 17 + 0 + -7 - 13 - (-146 + 254)?
-111
What is the value of -22 + -14 + 38 - (47 + 76)?
-121
What is (0 + -86 - 1) + (0 + -11 - 23 - -44)?
-77
What is (-10 - (0 - 2)) + 9 + -51 + -7 + 2?
-55
-11 + (-16 - 2 - (-23 - -15)) - (13 + -3)
-31
Evaluate (85 - 22) + 18 + -32.
49
What is the value of 18 + -598 + 601 + 0 + -19?
2
What is -8 - (-50 + -68 + 180)?
-70
What is the value of -14 + (28 - 12) + (-61 - -21)?
-38
What is the value of (-19 - -1) + (-107 + 170 - 46)?
-1
-200 + 194 + 58 + 0 + -2
50
What is 23 + -99 + -48 + 62?
-62
Calculate (22 + -15 - -76) + -4.
79
What is -22 + -20 + 18 + 19 - (-2 - (-4 - 3))?
-10
97 + -1 + (157 + -33 - 135)
85
What is the value of (-28 - 72 - -28) + 124?
52
Evaluate 0 + 49 + (-1972 - -1872).
-51
What is -126 + -1 + (-8 - -29) - 12?
-118
What is the value of -45 + 3 + (30 - -24)?
12
-95 - 0 - (1269 - 1320)
-44
-12 + (3 - (-6 + 8)) - (64 - 58)
-17
Evaluate -92 - (-44 + 2 - 75).
25
What is the value of -206 + 195 - (-17 - ((2 - 1 - 2) + 2))?
7
What is 6 + 19 + (6 - (21 + -11) - -11)?
32
Evaluate -17 + 5 + 2 - -7 - 7 - -14 - 26.
-22
Calculate 6 - -1 - (-6 - (3 + -8 + -6) - -23).
-21
What is the value of -57 + 8 - (515 + -579)?
15
Evaluate 14 + -46 + 71 + -24.
15
What is the value of (107 - (-2 + 2)) + -172 + 186 + -6?
115
(-37 - -42 - (-3 - 3)) + -3 + -56
-48
Calculate (9 + (4 - 7) - 0) + (-6 + 45 - -55).
100
What is 26 + (-880 - -921 - (-2 - -15))?
54
Evaluate (8 - 1 - (-2 + 1)) + 159 + -279 + 142.
30
Evaluate -46 + 0 - (28 + -100 + 78).
-52
Evaluate 127 + -39 - (13 - -46).
29
Evaluate (-62 + 73 + 1 - (-4 + 14)) + 0 + 98.
100
What is the value of 1 + (8 + -28 - 6) + -22?
-47
What is 12 - (6 - -7 - (17 - -6 - 12))?
10
14 - 4 - (49 - (-9 - -44))
-4
Calculate 25 + 2 - ((-93 - -87) + -1).
34
Calculate 60 - ((21 - 45) + 40).
44
What is -48 + 21 + (66 - 18)?
21
-76 + (1 + -10 - (-88 - -56 - (1 - 26)))
-78
What is the value of 3 + 21 + 10